
What is the highest common factor of 768 and 96?
96
What is the greatest common divisor of 6 and 18?
6
What is the greatest common divisor of 866 and 4?
2
What is the highest common factor of 90 and 13740?
30
Calculate the greatest common divisor of 5920 and 160.
160
Calculate the greatest common divisor of 90 and 510.
30
Calculate the highest common divisor of 2970 and 110.
110
What is the greatest common factor of 36 and 1680?
12
What is the greatest common divisor of 2576 and 138?
46
What is the highest common factor of 324 and 468?
36
What is the greatest common factor of 3 and 2649?
3
Calculate the highest common factor of 12 and 210.
6
Calculate the greatest common factor of 128 and 1056.
32
Calculate the highest common divisor of 4 and 52.
4
Calculate the highest common divisor of 15 and 2505.
15
What is the greatest common factor of 149 and 9089?
149
Calculate the highest common factor of 25 and 325.
25
Calculate the greatest common factor of 278 and 74226.
278
What is the greatest common factor of 2340 and 3870?
90
What is the highest common factor of 650 and 770?
10
Calculate the highest common divisor of 297 and 22.
11
Calculate the greatest common factor of 3645 and 270.
135
What is the highest common divisor of 3 and 8?
1
Calculate the greatest common factor of 150 and 850.
50
What is the greatest common factor of 4 and 18?
2
Calculate the highest common factor of 18535 and 55.
55
Calculate the greatest common factor of 14 and 448.
14
What is the greatest common divisor of 21 and 1029?
21
Calculate the greatest common factor of 13 and 13.
13
Calculate the highest common factor of 78 and 429.
39
What is the highest common divisor of 7998 and 279?
93
What is the highest common factor of 416 and 8?
8
Calculate the greatest common factor of 1107 and 324.
27
Calculate the highest common divisor of 256 and 1888.
32
What is the highest common factor of 1656 and 576?
72
What is the highest common factor of 54 and 54?
54
Calculate the highest common factor of 272 and 119.
17
Calculate the greatest common divisor of 19773 and 9.
9
Calculate the greatest common divisor of 19 and 5947.
19
What is the greatest common factor of 102 and 150?
6
Calculate the greatest common factor of 4 and 64.
4
What is the highest common factor of 100 and 1780?
20
What is the highest common factor of 243 and 24543?
243
Calculate the highest common divisor of 14 and 847.
7
Calculate the greatest common factor of 15 and 705.
15
What is the greatest common factor of 27 and 279?
9
Calculate the greatest common divisor of 352 and 484.
44
What is the greatest common divisor of 17 and 68?
17
Calculate the highest common divisor of 2904 and 462.
66
What is the greatest common factor of 664 and 16?
8
Calculate the highest common divisor of 432 and 81.
27
Calculate the highest common divisor of 622 and 10.
2
What is the greatest common divisor of 576 and 18?
18
What is the greatest common divisor of 300 and 36?
12
Calculate the greatest common divisor of 6187 and 23.
23
Calculate the greatest common factor of 18 and 240.
6
What is the highest common divisor of 325 and 26?
13
Calculate the greatest common factor of 16 and 24.
8
Calculate the greatest common divisor of 2500 and 60.
20
Calculate the highest common factor of 660 and 198.
66
What is the greatest common factor of 23886 and 54?
18
Calculate the highest common divisor of 117 and 91.
13
What is the greatest common factor of 13 and 13?
13
Calculate the greatest common factor of 174 and 2784.
174
Calculate the greatest common factor of 105 and 126.
21
What is the greatest common factor of 81 and 3807?
81
What is the greatest common factor of 9036 and 48?
12
Calculate the highest common divisor of 98 and 1421.
49
What is the greatest common factor of 132 and 46596?
132
Calculate the greatest common factor of 4 and 916.
4
Calculate the greatest common factor of 63 and 576.
9
Calculate the greatest common divisor of 380 and 780.
20
What is the highest common factor of 364 and 301?
7
Calculate the greatest common factor of 9160 and 280.
40
What is the highest common divisor of 21 and 24108?
21
Calculate the greatest common factor of 64 and 6400.
64
Calculate the greatest common divisor of 11 and 1.
1
What is the greatest common factor of 44 and 8?
4
Calculate the greatest common divisor of 6 and 258.
6
What is the highest common divisor of 138 and 483?
69
What is the greatest common divisor of 60496 and 304?
304
What is the highest common divisor of 627 and 528?
33
What is the highest common divisor of 1935 and 90?
45
What is the greatest common divisor of 17 and 3?
1
What is the highest common divisor of 1230 and 12054?
246
Calculate the highest common divisor of 27 and 108.
27
What is the highest common factor of 98 and 1960?
98
Calculate the greatest common divisor of 522 and 12.
6
Calculate the highest common factor of 90 and 576.
18
Calculate the greatest common factor of 8 and 1528.
8
What is the highest common divisor of 138 and 102?
6
What is the greatest common factor of 15315 and 15?
15
What is the highest common factor of 31 and 279?
31
Calculate the highest common divisor of 3408 and 36.
12
What is the highest common divisor of 84 and 105?
21
Calculate the greatest common divisor of 26 and 546.
26
Calculate the highest common factor of 38 and 323.
19
Calculate the highest common divisor of 539 and 2107.
49
What is the greatest common factor of 12 and 44?
4
What is the greatest common factor of 6 and 6084?
6
Calculate the greatest common factor of 1 and 9.
1
Calculate the greatest common divisor of 7650 and 1575.
225
Calculate the greatest common divisor of 14 and 133.
7
What is the highest common divisor of 14 and 28672?
14
Calculate the highest common divisor of 142 and 1136.
142
Calculate the highest common factor of 54 and 27.
27
Calculate the greatest common factor of 26 and 221.
13
Calculate the greatest common divisor of 91 and 14.
7
What is the greatest common factor of 14 and 958?
2
What is the greatest common factor of 1368 and 216?
72
What is the greatest common divisor of 38 and 1102?
38
What is the greatest common divisor of 180 and 315?
45
What is the greatest common divisor of 10 and 94?
2
Calculate the highest common factor of 14 and 133.
7
Calculate the highest common divisor of 1968 and 96.
48
Calculate the greatest common factor of 476 and 68.
68
Calculate the greatest common factor of 3840 and 15.
15
Calculate the highest common factor of 14325 and 525.
75
Calculate the highest common divisor of 8 and 32.
8
What is the greatest common factor of 195 and 1209?
39
What is the greatest common divisor of 693 and 6?
3
Calculate the greatest common divisor of 583 and 55.
11
What is the highest common divisor of 1102 and 493?
29
Calculate the greatest common divisor of 36 and 150.
6
What is the greatest common factor of 8337 and 4367?
397
What is the greatest common factor of 396 and 198?
198
What is the highest common factor of 180 and 100?
20
Calculate the greatest common divisor of 63 and 777.
21
What is the greatest common divisor of 28900 and 100?
100
Calculate the highest common divisor of 810 and 18.
18
What is the greatest common factor of 110 and 638?
22
Calculate the highest common factor of 456 and 24.
24
Calculate the highest common factor of 429 and 143.
143
Calculate the highest common factor of 990 and 880.
110
Calculate the greatest common factor of 455 and 689.
13
What is the highest common factor of 20 and 410?
10
Calculate the greatest common divisor of 504 and 5481.
63
Calculate the highest common divisor of 33007 and 26.
13
What is the highest common divisor of 369 and 328?
41
Calculate the greatest common factor of 272 and 16.
16
What is the highest common factor of 12788 and 4?
4
Calculate the greatest common divisor of 923 and 13.
13
Calculate the highest common divisor of 18 and 33030.
18
What is the highest common divisor of 59 and 1121?
59
What is the highest common divisor of 31 and 47461?
31
Calculate the highest common divisor of 165 and 198.
33
Calculate the highest common divisor of 36 and 2268.
36
Calculate the greatest common divisor of 72 and 552.
24
Calculate the greatest common factor of 297 and 22.
11
What is the greatest common factor of 1212 and 72?
12